{"id":23077,"date":"2023-07-04T18:39:04","date_gmt":"2023-07-04T18:39:04","guid":{"rendered":"https:\/\/mybookselling.store\/?post_type=product&#038;p=23077"},"modified":"2025-01-06T21:47:13","modified_gmt":"2025-01-06T21:47:13","slug":"el-perfil-sin-rostro","status":"publish","type":"product","link":"https:\/\/mybookselling.velqorumholding.ee\/mbs2023\/title\/el-perfil-sin-rostro\/","title":{"rendered":"El perfil sin rostro"},"content":{"rendered":"<p>Pedro crea y escribe una historia para cada partida de aquellos que mueren en total abandono, d\u00e1ndole dramatismo, para demostrar que la crueldad de dejarlos olvidados sin conexi\u00f3n con el mundo afectivo era como matarlos sin piedad alguna por un sicario an\u00f3nimo, el asesino llamado olvido. Su necesidad de hacer visibles las muertes d\u00e1ndoles un lugar en una gran cajonera con sus respectivas llaves, perfil de quien crea mentalmente el juego de la muerte de sus compa\u00f1eros de El Castillito, su astucia para ir d\u00e1ndoles distintos rostros a los sicarios que desaparecen cambiando de nombre y ciudad, es la historia de \u201cEl perfil sin rostro\u201d.<\/p>\n","protected":false},"excerpt":{"rendered":"<p>Pedro crea y escribe una historia para cada partida de aquellos que mueren en total abandono, d\u00e1ndole dramatismo, para demostrar que la crueldad de dejarlos olvidados sin conexi\u00f3n con el mundo afectivo era como matarlos sin piedad alguna por un sicario an\u00f3nimo, el asesino llamado olvido. Su necesidad de hacer visibles las muertes d\u00e1ndoles un lugar en una gran cajonera con sus respectivas llaves, perfil de quien crea mentalmente el juego de la muerte de sus compa\u00f1eros de El Castillito, su astucia para ir d\u00e1ndoles distintos rostros a los sicarios que desaparecen cambiando de nombre y ciudad, es la historia de \u201cEl perfil sin rostro\u201d.<\/p>\n","protected":false},"featured_media":23085,"template":"","meta":[],"product_brand":[],"product_cat":[21],"product_tag":[],"class_list":{"0":"post-23077","1":"product","2":"type-product","3":"status-publish","4":"has-post-thumbnail","6":"product_cat-drama","7":"sales-flash-overlay","8":"woocommerce-text-align-center","9":"woocommerce-image-align-center","10":"do-quantity-buttons","12":"first","13":"instock","14":"shipping-taxable","15":"purchasable","16":"product-type-variable","17":"has-default-attributes"},"_links":{"self":[{"href":"https:\/\/mybookselling.velqorumholding.ee\/mbs2023\/wp-json\/wp\/v2\/product\/23077","targetHints":{"allow":["GET"]}}],"collection":[{"href":"https:\/\/mybookselling.velqorumholding.ee\/mbs2023\/wp-json\/wp\/v2\/product"}],"about":[{"href":"https:\/\/mybookselling.velqorumholding.ee\/mbs2023\/wp-json\/wp\/v2\/types\/product"}],"wp:featuredmedia":[{"embeddable":true,"href":"https:\/\/mybookselling.velqorumholding.ee\/mbs2023\/wp-json\/wp\/v2\/media\/23085"}],"wp:attachment":[{"href":"https:\/\/mybookselling.velqorumholding.ee\/mbs2023\/wp-json\/wp\/v2\/media?parent=23077"}],"wp:term":[{"taxonomy":"product_brand","embeddable":true,"href":"https:\/\/mybookselling.velqorumholding.ee\/mbs2023\/wp-json\/wp\/v2\/product_brand?post=23077"},{"taxonomy":"product_cat","embeddable":true,"href":"https:\/\/mybookselling.velqorumholding.ee\/mbs2023\/wp-json\/wp\/v2\/product_cat?post=23077"},{"taxonomy":"product_tag","embeddable":true,"href":"https:\/\/mybookselling.velqorumholding.ee\/mbs2023\/wp-json\/wp\/v2\/product_tag?post=23077"}],"curies":[{"name":"wp","href":"https:\/\/api.w.org\/{rel}","templated":true}]}}