{"id":22850,"date":"2023-05-21T15:48:54","date_gmt":"2023-05-21T15:48:54","guid":{"rendered":"https:\/\/mybookselling.store\/?post_type=product&amp;p=22850"},"modified":"2025-01-06T21:47:12","modified_gmt":"2025-01-06T21:47:12","slug":"la-capitalizacion-de-enviromind","status":"publish","type":"product","link":"https:\/\/mybookselling.velqorumholding.ee\/mbs2023\/title\/la-capitalizacion-de-enviromind\/","title":{"rendered":"La capitalizaci\u00f3n de Enviromind"},"content":{"rendered":"<div class=\"page\" title=\"Page 1\">\n<div class=\"section\">\n<div class=\"layoutArea\">\n<div class=\"column\">\n<p>Actualmente, todos o\u00edmos hablar en torno a la libertad financiera como concepto te\u00f3rico. Pero, \u00bfqu\u00e9 significa en realidad este concepto? \u00bfQu\u00e9 implicaciones tiene en nuestra vida y cu\u00e1l ha de ser la inversi\u00f3n en esfuerzo<span class=\"Apple-converted-space\">\u00a0 <\/span>y tiempo que debemos ejecutar?<\/p>\n<p>A estas y otras preguntas da respuesta Franco A. Baldecchi N. a trav\u00e9s de partes en las que desarrolla memorias, experiencias personales y consejos que nos brinda desde cada una de las ca\u00eddas en este tortuoso pero gratificante camino que nos invita a recorrer, al objeto de guiarte a la anhelada libertad financiera, capitalizando las ideas y ejecut\u00e1ndolas.<\/p>\n<\/div>\n<div class=\"_df_book df-lite\" id=\"df_22907\"  _slug=\"la-capitalizacion\" data-title=\"la-capitalizacion\" wpoptions=\"true\" thumbtype=\"\" ><\/div><script class=\"df-shortcode-script\" nowprocket type=\"application\/javascript\">window.option_df_22907 = {\"outline\":[],\"autoEnableOutline\":\"false\",\"autoEnableThumbnail\":\"false\",\"overwritePDFOutline\":\"false\",\"direction\":\"1\",\"pageSize\":\"0\",\"source\":\"https:\\\/\\\/mybookselling.click\\\/wp-content\\\/uploads\\\/2023\\\/05\\\/La-capitalizacion-de-Enviromind-Print.pdf\",\"wpOptions\":\"true\"}; if(window.DFLIP && window.DFLIP.parseBooks){window.DFLIP.parseBooks();}<\/script>\n<\/div>\n<\/div>\n<\/div>\n","protected":false},"excerpt":{"rendered":"<p>Actualmente, todos o\u00edmos hablar en torno a la libertad financiera como concepto te\u00f3rico. Pero, \u00bfqu\u00e9 significa en realidad este concepto? \u00bfQu\u00e9 implicaciones tiene en nuestra vida y cu\u00e1l ha de ser la inversi\u00f3n en esfuerzo<span class=\"Apple-converted-space\">\u00a0 <\/span>y tiempo que debemos ejecutar?<\/p>\n<p>A estas y otras preguntas da respuesta Franco A. Baldecchi N. a trav\u00e9s de partes en las que desarrolla memorias, experiencias personales y consejos que nos brinda desde cada una de las ca\u00eddas en este tortuoso pero gratificante camino que nos invita a recorrer, al objeto de guiarte a la anhelada libertad financiera, capitalizando las ideas y ejecut\u00e1ndolas.<\/p>\n","protected":false},"featured_media":22858,"template":"","meta":[],"product_brand":[],"product_cat":[123],"product_tag":[],"class_list":{"0":"post-22850","1":"product","2":"type-product","3":"status-publish","4":"has-post-thumbnail","6":"product_cat-empresa","7":"sales-flash-overlay","8":"woocommerce-text-align-center","9":"woocommerce-image-align-center","10":"do-quantity-buttons","12":"first","13":"outofstock","14":"shipping-taxable","15":"purchasable","16":"product-type-variable","17":"has-default-attributes"},"_links":{"self":[{"href":"https:\/\/mybookselling.velqorumholding.ee\/mbs2023\/wp-json\/wp\/v2\/product\/22850","targetHints":{"allow":["GET"]}}],"collection":[{"href":"https:\/\/mybookselling.velqorumholding.ee\/mbs2023\/wp-json\/wp\/v2\/product"}],"about":[{"href":"https:\/\/mybookselling.velqorumholding.ee\/mbs2023\/wp-json\/wp\/v2\/types\/product"}],"wp:featuredmedia":[{"embeddable":true,"href":"https:\/\/mybookselling.velqorumholding.ee\/mbs2023\/wp-json\/wp\/v2\/media\/22858"}],"wp:attachment":[{"href":"https:\/\/mybookselling.velqorumholding.ee\/mbs2023\/wp-json\/wp\/v2\/media?parent=22850"}],"wp:term":[{"taxonomy":"product_brand","embeddable":true,"href":"https:\/\/mybookselling.velqorumholding.ee\/mbs2023\/wp-json\/wp\/v2\/product_brand?post=22850"},{"taxonomy":"product_cat","embeddable":true,"href":"https:\/\/mybookselling.velqorumholding.ee\/mbs2023\/wp-json\/wp\/v2\/product_cat?post=22850"},{"taxonomy":"product_tag","embeddable":true,"href":"https:\/\/mybookselling.velqorumholding.ee\/mbs2023\/wp-json\/wp\/v2\/product_tag?post=22850"}],"curies":[{"name":"wp","href":"https:\/\/api.w.org\/{rel}","templated":true}]}}