{"id":22743,"date":"2023-05-13T16:24:14","date_gmt":"2023-05-13T16:24:14","guid":{"rendered":"https:\/\/mybookselling.store\/?post_type=product&amp;p=22743"},"modified":"2025-01-06T21:47:12","modified_gmt":"2025-01-06T21:47:12","slug":"la-dicha-del-desprecio","status":"publish","type":"product","link":"https:\/\/mybookselling.velqorumholding.ee\/mbs2023\/title\/la-dicha-del-desprecio\/","title":{"rendered":"La dicha del desprecio"},"content":{"rendered":"<div class=\"page\" title=\"Page 1\">\n<div class=\"section\">\n<div class=\"layoutArea\">\n<div class=\"column\">\n<p>Tras la muerte de George Harrison, su hijo Robert se ve obligado a asumir el rol de su difunto padre. Haci\u00e9ndose cargo tanto de su madre y hermanos, como de la cuantiosa herencia que les dej\u00f3. Por su nulo conocimiento en administrar dinero, a dejado a su familia al borde de la quiebra.<span class=\"Apple-converted-space\">\u00a0<\/span><\/p>\n<p>No obstante, el mejor amigo de su padre, est\u00e1 dispuesto a a poyar econ\u00f3micamente a los Harrison, sin embargo exige que se lleve a cabo el matrimonio planeado desde la infancia de su primog\u00e9nito Antoine Lennox con Lauren Harrison, pero esto no podr\u00e1 ser<\/p>\n<\/div>\n<div class=\"_df_book df-lite\" id=\"df_22789\"  _slug=\"la-dicha-del-desprecio\" data-title=\"la-dicha-del-desprecio\" wpoptions=\"true\" thumbtype=\"\" ><\/div><script class=\"df-shortcode-script\" nowprocket type=\"application\/javascript\">window.option_df_22789 = {\"outline\":[],\"autoEnableOutline\":\"false\",\"autoEnableThumbnail\":\"false\",\"overwritePDFOutline\":\"false\",\"direction\":\"1\",\"pageSize\":\"0\",\"source\":\"https:\\\/\\\/mybookselling.store\\\/wp-content\\\/uploads\\\/2023\\\/05\\\/La-dicha-del-desprecio-Print.pdf\",\"wpOptions\":\"true\"}; if(window.DFLIP && window.DFLIP.parseBooks){window.DFLIP.parseBooks();}<\/script>\n<\/div>\n<\/div>\n<\/div>\n","protected":false},"excerpt":{"rendered":"<p>Tras la muerte de George Harrison, su hijo Robert se ve obligado a asumir el rol de su difunto padre. Haci\u00e9ndose cargo tanto de su madre y hermanos, como de la cuantiosa herencia que les dej\u00f3. Por su nulo conocimiento en administrar dinero, a dejado a su familia al borde de la quiebra.<span class=\"Apple-converted-space\">\u00a0<\/span><\/p>\n<p>No obstante, el mejor amigo de su padre, est\u00e1 dispuesto a a poyar econ\u00f3micamente a los Harrison, sin embargo exige que se lleve a cabo el matrimonio planeado desde la infancia de su primog\u00e9nito Antoine Lennox con Lauren Harrison, pero esto no podr\u00e1 ser.<\/p>\n","protected":false},"featured_media":22751,"template":"","meta":[],"product_brand":[],"product_cat":[187,80],"product_tag":[],"class_list":{"0":"post-22743","1":"product","2":"type-product","3":"status-publish","4":"has-post-thumbnail","6":"product_cat-erotismo","7":"product_cat-romanticismo","8":"sales-flash-overlay","9":"woocommerce-text-align-center","10":"woocommerce-image-align-center","11":"do-quantity-buttons","13":"first","14":"outofstock","15":"shipping-taxable","16":"purchasable","17":"product-type-variable","18":"has-default-attributes"},"_links":{"self":[{"href":"https:\/\/mybookselling.velqorumholding.ee\/mbs2023\/wp-json\/wp\/v2\/product\/22743","targetHints":{"allow":["GET"]}}],"collection":[{"href":"https:\/\/mybookselling.velqorumholding.ee\/mbs2023\/wp-json\/wp\/v2\/product"}],"about":[{"href":"https:\/\/mybookselling.velqorumholding.ee\/mbs2023\/wp-json\/wp\/v2\/types\/product"}],"wp:featuredmedia":[{"embeddable":true,"href":"https:\/\/mybookselling.velqorumholding.ee\/mbs2023\/wp-json\/wp\/v2\/media\/22751"}],"wp:attachment":[{"href":"https:\/\/mybookselling.velqorumholding.ee\/mbs2023\/wp-json\/wp\/v2\/media?parent=22743"}],"wp:term":[{"taxonomy":"product_brand","embeddable":true,"href":"https:\/\/mybookselling.velqorumholding.ee\/mbs2023\/wp-json\/wp\/v2\/product_brand?post=22743"},{"taxonomy":"product_cat","embeddable":true,"href":"https:\/\/mybookselling.velqorumholding.ee\/mbs2023\/wp-json\/wp\/v2\/product_cat?post=22743"},{"taxonomy":"product_tag","embeddable":true,"href":"https:\/\/mybookselling.velqorumholding.ee\/mbs2023\/wp-json\/wp\/v2\/product_tag?post=22743"}],"curies":[{"name":"wp","href":"https:\/\/api.w.org\/{rel}","templated":true}]}}