{"id":22428,"date":"2023-04-06T18:04:25","date_gmt":"2023-04-06T18:04:25","guid":{"rendered":"https:\/\/mybookselling.store\/?post_type=product&amp;p=22428"},"modified":"2025-01-06T21:47:12","modified_gmt":"2025-01-06T21:47:12","slug":"sugar-baby","status":"publish","type":"product","link":"https:\/\/mybookselling.velqorumholding.ee\/mbs2023\/title\/sugar-baby\/","title":{"rendered":"Sugar Baby"},"content":{"rendered":"<div class=\"page\" title=\"Page 1\">\n<div class=\"section\">\n<div class=\"layoutArea\">\n<div class=\"column\">\n<p>Yovanny es una persona que disfruta de la libertad y la independencia, pero suele tener dificultades para comprometerse con algo o con alguien.<span class=\"Apple-converted-space\">\u00a0<\/span>Ama el sexo y el dinero, sin embargo cambia todo cuando se enamora de un hombre diez a\u00f1os mayor que \u00e9l, descubre que el amor puede ser mucho m\u00e1s fuerte<span class=\"Apple-converted-space\">\u00a0 <\/span>que cualquier otra cosa. A pesar de las dificultades y los obst\u00e1culos que se interponen entre ellos, Yovanny descubre que el amor es m\u00e1s importante que la venganza.<span class=\"Apple-converted-space\">\u00a0<\/span>\u00c9l intenta superar sus dudas y miedos para demostrarse as\u00ed mismo que el amor es suficiente para ser feliz.<\/p>\n<p><strong>Una obra repleta de erotismo, pasi\u00f3n salvaje y desenfreno que inquietar\u00e1 al lector m\u00e1s tranquilo.<\/strong><\/p>\n<\/div>\n<div class=\"_df_book df-lite\" id=\"df_22439\"  _slug=\"sugar-baby\" data-title=\"sugar-baby\" wpoptions=\"true\" thumbtype=\"\" ><\/div><script class=\"df-shortcode-script\" nowprocket type=\"application\/javascript\">window.option_df_22439 = {\"outline\":[],\"autoEnableOutline\":\"false\",\"autoEnableThumbnail\":\"false\",\"overwritePDFOutline\":\"false\",\"direction\":\"1\",\"pageSize\":\"0\",\"source\":\"https:\\\/\\\/mybookselling.store\\\/wp-content\\\/uploads\\\/2023\\\/04\\\/Sugar-Baby-Print.pdf\",\"wpOptions\":\"true\"}; if(window.DFLIP && window.DFLIP.parseBooks){window.DFLIP.parseBooks();}<\/script>\n<\/div>\n<\/div>\n<\/div>\n","protected":false},"excerpt":{"rendered":"<p>Yovanny es una persona que disfruta de la libertad y la independencia, pero suele tener dificultades para comprometerse con algo o con alguien. Ama el sexo y el dinero, sin embargo cambia todo cuando se enamora de un hombre diez a\u00f1os mayor que \u00e9l, descubre que el amor puede ser mucho m\u00e1s fuerte<span class=\"Apple-converted-space\">\u00a0 <\/span>que cualquier otra cosa. A pesar de las dificultades y los obst\u00e1culos que se interponen entre ellos, Yovanny descubre que el amor es m\u00e1s importante que la venganza. \u00c9l intenta superar sus dudas y miedos para demostrarse as\u00ed mismo que el amor es suficiente para ser feliz.<\/p>\n<p><strong>Una obra repleta de erotismo, pasi\u00f3n salvaje y desenfreno que inquietar\u00e1 al lector m\u00e1s tranquilo.<\/strong><\/p>\n","protected":false},"featured_media":22436,"template":"","meta":[],"product_brand":[],"product_cat":[187,189,80],"product_tag":[],"class_list":{"0":"post-22428","1":"product","2":"type-product","3":"status-publish","4":"has-post-thumbnail","6":"product_cat-erotismo","7":"product_cat-novels","8":"product_cat-romanticismo","9":"sales-flash-overlay","10":"woocommerce-text-align-center","11":"woocommerce-image-align-center","12":"do-quantity-buttons","14":"first","15":"outofstock","16":"shipping-taxable","17":"purchasable","18":"product-type-variable","19":"has-default-attributes"},"_links":{"self":[{"href":"https:\/\/mybookselling.velqorumholding.ee\/mbs2023\/wp-json\/wp\/v2\/product\/22428","targetHints":{"allow":["GET"]}}],"collection":[{"href":"https:\/\/mybookselling.velqorumholding.ee\/mbs2023\/wp-json\/wp\/v2\/product"}],"about":[{"href":"https:\/\/mybookselling.velqorumholding.ee\/mbs2023\/wp-json\/wp\/v2\/types\/product"}],"wp:featuredmedia":[{"embeddable":true,"href":"https:\/\/mybookselling.velqorumholding.ee\/mbs2023\/wp-json\/wp\/v2\/media\/22436"}],"wp:attachment":[{"href":"https:\/\/mybookselling.velqorumholding.ee\/mbs2023\/wp-json\/wp\/v2\/media?parent=22428"}],"wp:term":[{"taxonomy":"product_brand","embeddable":true,"href":"https:\/\/mybookselling.velqorumholding.ee\/mbs2023\/wp-json\/wp\/v2\/product_brand?post=22428"},{"taxonomy":"product_cat","embeddable":true,"href":"https:\/\/mybookselling.velqorumholding.ee\/mbs2023\/wp-json\/wp\/v2\/product_cat?post=22428"},{"taxonomy":"product_tag","embeddable":true,"href":"https:\/\/mybookselling.velqorumholding.ee\/mbs2023\/wp-json\/wp\/v2\/product_tag?post=22428"}],"curies":[{"name":"wp","href":"https:\/\/api.w.org\/{rel}","templated":true}]}}