{"id":22394,"date":"2023-04-06T17:34:11","date_gmt":"2023-04-06T17:34:11","guid":{"rendered":"https:\/\/mybookselling.store\/?post_type=product&amp;p=22394"},"modified":"2025-01-06T21:47:11","modified_gmt":"2025-01-06T21:47:11","slug":"no-quiero-ser-el-primero","status":"publish","type":"product","link":"https:\/\/mybookselling.velqorumholding.ee\/mbs2023\/title\/no-quiero-ser-el-primero\/","title":{"rendered":"\u00a1No quiero ser el primero!"},"content":{"rendered":"<div class=\"page\" title=\"Page 1\">\n<div class=\"section\">\n<div class=\"layoutArea\">\n<div class=\"column\">\n<p>Tras una profunda reflexi\u00f3n acerca de las metodolog\u00edas de estudio desde la infancia, su prop\u00f3sito y objetivos, Andr\u00e9s Z\u00fa\u00f1iga R. nos invita a reflexionar sobre el porqu\u00e9 de ser formados para llegar a los primeros puestos en todos los \u00e1mbitos de nuestra vida. Los mejores en la escuela, los mejores en el trabajo, como si fu\u00e9ramos robots que desarrollan un c\u00f3digo implantado.<\/p>\n<p><strong>A trav\u00e9s de los diversos cap\u00edtulos, el autor se enfocar\u00e1 en la necesidad imperiosa de vivir el aqu\u00ed, el ahora, para tratar de llegar a ser nuestra mejor versi\u00f3n; <i>ser mejor, y no el mejor.<\/i><\/strong><\/p>\n<p><i>#noquieroserelprimero<\/i><\/p>\n<\/div>\n<div class=\"_df_book df-lite\" id=\"df_22405\"  _slug=\"no-quiero-ser-el-primero\" data-title=\"no-quiero-ser-el-primero\" wpoptions=\"true\" thumbtype=\"\" ><\/div><script class=\"df-shortcode-script\" nowprocket type=\"application\/javascript\">window.option_df_22405 = {\"outline\":[],\"autoEnableOutline\":\"false\",\"autoEnableThumbnail\":\"false\",\"overwritePDFOutline\":\"false\",\"direction\":\"1\",\"pageSize\":\"0\",\"source\":\"https:\\\/\\\/mybookselling.store\\\/wp-content\\\/uploads\\\/2023\\\/04\\\/No-quiero-ser-el-primero-Print.pdf\",\"wpOptions\":\"true\"}; if(window.DFLIP && window.DFLIP.parseBooks){window.DFLIP.parseBooks();}<\/script>\n<\/div>\n<\/div>\n<\/div>\n","protected":false},"excerpt":{"rendered":"<p>Tras una profunda reflexi\u00f3n acerca de las metodolog\u00edas de estudio desde la infancia, su prop\u00f3sito y objetivos, Andr\u00e9s Z\u00fa\u00f1iga R. nos invita a reflexionar sobre el porqu\u00e9 de ser formados para llegar a los primeros puestos en todos los \u00e1mbitos de nuestra vida. Los mejores en la escuela, los mejores en el trabajo, como si fu\u00e9ramos robots que desarrollan un c\u00f3digo implantado.<\/p>\n<p><strong>A trav\u00e9s de los diversos cap\u00edtulos, el autor se enfocar\u00e1 en la necesidad imperiosa de vivir el aqu\u00ed, el ahora, para tratar de llegar a ser nuestra mejor versi\u00f3n; <i>ser mejor, y no el mejor.<\/i><\/strong><\/p>\n","protected":false},"featured_media":22402,"template":"","meta":[],"product_brand":[],"product_cat":[86,112,106],"product_tag":[],"class_list":{"0":"post-22394","1":"product","2":"type-product","3":"status-publish","4":"has-post-thumbnail","6":"product_cat-autoayuda-superacion-personal","7":"product_cat-cultura","8":"product_cat-terror","9":"sales-flash-overlay","10":"woocommerce-text-align-center","11":"woocommerce-image-align-center","12":"do-quantity-buttons","14":"first","15":"outofstock","16":"shipping-taxable","17":"purchasable","18":"product-type-variable","19":"has-default-attributes"},"_links":{"self":[{"href":"https:\/\/mybookselling.velqorumholding.ee\/mbs2023\/wp-json\/wp\/v2\/product\/22394","targetHints":{"allow":["GET"]}}],"collection":[{"href":"https:\/\/mybookselling.velqorumholding.ee\/mbs2023\/wp-json\/wp\/v2\/product"}],"about":[{"href":"https:\/\/mybookselling.velqorumholding.ee\/mbs2023\/wp-json\/wp\/v2\/types\/product"}],"wp:featuredmedia":[{"embeddable":true,"href":"https:\/\/mybookselling.velqorumholding.ee\/mbs2023\/wp-json\/wp\/v2\/media\/22402"}],"wp:attachment":[{"href":"https:\/\/mybookselling.velqorumholding.ee\/mbs2023\/wp-json\/wp\/v2\/media?parent=22394"}],"wp:term":[{"taxonomy":"product_brand","embeddable":true,"href":"https:\/\/mybookselling.velqorumholding.ee\/mbs2023\/wp-json\/wp\/v2\/product_brand?post=22394"},{"taxonomy":"product_cat","embeddable":true,"href":"https:\/\/mybookselling.velqorumholding.ee\/mbs2023\/wp-json\/wp\/v2\/product_cat?post=22394"},{"taxonomy":"product_tag","embeddable":true,"href":"https:\/\/mybookselling.velqorumholding.ee\/mbs2023\/wp-json\/wp\/v2\/product_tag?post=22394"}],"curies":[{"name":"wp","href":"https:\/\/api.w.org\/{rel}","templated":true}]}}