{"id":21871,"date":"2023-03-17T18:27:08","date_gmt":"2023-03-17T18:27:08","guid":{"rendered":"https:\/\/mybookselling.store\/?post_type=product&amp;p=21871"},"modified":"2025-01-06T21:47:11","modified_gmt":"2025-01-06T21:47:11","slug":"eterno-presente","status":"publish","type":"product","link":"https:\/\/mybookselling.velqorumholding.ee\/mbs2023\/title\/eterno-presente\/","title":{"rendered":"Eterno presente"},"content":{"rendered":"<div class=\"page\" title=\"Page 1\">\n<div class=\"section\">\n<div class=\"layoutArea\">\n<div class=\"column\">\n<p>De la mano de la escritora ecuatoriana Ahimsa Radharani, el autor tiene entre sus manos una recopilaci\u00f3n de reflexiones sobre la dimensi\u00f3n hist\u00f3rica, sociol\u00f3gica, espiritual y religiosa del Ser humano. Con un particular estilo narrativo y la interpolaci\u00f3n de frases c\u00e9lebres que le ayudar\u00e1n a comprender el mundo interior de la autora, cada palabra es un paso que nos acerca a la esencia de un Universo perdido al que retornamos para entender que todo es regido por sus leyes.<\/p>\n<p><i>#eternopresente<\/i><\/p>\n<\/div>\n<div class=\"_df_book df-lite\" id=\"df_21866\"  _slug=\"eterno-presente\" data-title=\"eterno-presente\" wpoptions=\"true\" thumbtype=\"\" ><\/div><script class=\"df-shortcode-script\" nowprocket type=\"application\/javascript\">window.option_df_21866 = {\"outline\":[],\"autoEnableOutline\":\"false\",\"autoEnableThumbnail\":\"false\",\"overwritePDFOutline\":\"false\",\"direction\":\"1\",\"pageSize\":\"0\",\"source\":\"https:\\\/\\\/mybookselling.store\\\/wp-content\\\/uploads\\\/2023\\\/03\\\/Eterno-presente-Print.pdf\",\"wpOptions\":\"true\"}; if(window.DFLIP && window.DFLIP.parseBooks){window.DFLIP.parseBooks();}<\/script>\n<\/div>\n<\/div>\n<\/div>\n","protected":false},"excerpt":{"rendered":"<p>De la mano de la escritora ecuatoriana Ahimsa Radharani, el autor tiene entre sus manos una recopilaci\u00f3n de reflexiones sobre la dimensi\u00f3n hist\u00f3rica, sociol\u00f3gica, espiritual y religiosa del Ser humano. Con un particular estilo narrativo y la interpolaci\u00f3n de frases c\u00e9lebres que le ayudar\u00e1n a comprender el mundo interior de la autora, cada palabra es un paso que nos acerca a la esencia de un Universo perdido al que retornamos para entender que todo es regido por sus leyes.<\/p>\n","protected":false},"featured_media":21879,"template":"","meta":[],"product_brand":[],"product_cat":[86,90],"product_tag":[],"class_list":{"0":"post-21871","1":"product","2":"type-product","3":"status-publish","4":"has-post-thumbnail","6":"product_cat-autoayuda-superacion-personal","7":"product_cat-ensayo","8":"sales-flash-overlay","9":"woocommerce-text-align-center","10":"woocommerce-image-align-center","11":"do-quantity-buttons","13":"first","14":"outofstock","15":"shipping-taxable","16":"purchasable","17":"product-type-variable","18":"has-default-attributes"},"_links":{"self":[{"href":"https:\/\/mybookselling.velqorumholding.ee\/mbs2023\/wp-json\/wp\/v2\/product\/21871","targetHints":{"allow":["GET"]}}],"collection":[{"href":"https:\/\/mybookselling.velqorumholding.ee\/mbs2023\/wp-json\/wp\/v2\/product"}],"about":[{"href":"https:\/\/mybookselling.velqorumholding.ee\/mbs2023\/wp-json\/wp\/v2\/types\/product"}],"wp:featuredmedia":[{"embeddable":true,"href":"https:\/\/mybookselling.velqorumholding.ee\/mbs2023\/wp-json\/wp\/v2\/media\/21879"}],"wp:attachment":[{"href":"https:\/\/mybookselling.velqorumholding.ee\/mbs2023\/wp-json\/wp\/v2\/media?parent=21871"}],"wp:term":[{"taxonomy":"product_brand","embeddable":true,"href":"https:\/\/mybookselling.velqorumholding.ee\/mbs2023\/wp-json\/wp\/v2\/product_brand?post=21871"},{"taxonomy":"product_cat","embeddable":true,"href":"https:\/\/mybookselling.velqorumholding.ee\/mbs2023\/wp-json\/wp\/v2\/product_cat?post=21871"},{"taxonomy":"product_tag","embeddable":true,"href":"https:\/\/mybookselling.velqorumholding.ee\/mbs2023\/wp-json\/wp\/v2\/product_tag?post=21871"}],"curies":[{"name":"wp","href":"https:\/\/api.w.org\/{rel}","templated":true}]}}