{"id":21542,"date":"2023-02-10T15:59:39","date_gmt":"2023-02-10T15:59:39","guid":{"rendered":"https:\/\/mybookselling.store\/?post_type=product&amp;p=21542"},"modified":"2025-01-06T21:47:10","modified_gmt":"2025-01-06T21:47:10","slug":"mientras-amanece","status":"publish","type":"product","link":"https:\/\/mybookselling.velqorumholding.ee\/mbs2023\/title\/mientras-amanece\/","title":{"rendered":"Mientras amanece"},"content":{"rendered":"<div class=\"page\" title=\"Page 1\">\n<div class=\"section\">\n<div class=\"layoutArea\">\n<p>Mientras amanece recoge noventa y cinco cantos a la placentera vigilia de todo hombre que traspasa los l\u00edmites de la raz\u00f3n para anidar dentro de s\u00ed mismo. A golpe de verso, cada pieza l\u00edrica aborda la fantas\u00eda humana en contraposici\u00f3n a lo real, nuestros espejos internos, as\u00ed como qui\u00e9nes somos<span class=\"Apple-converted-space\">\u00a0 <\/span>y qui\u00e9nes creemos ser, para inducirnos a un estado de letargo donde todo el que accede no desea despertar.<span class=\"Apple-converted-space\">\u00a0<\/span><\/p>\n<p><b><i>La sensibilidad po\u00e9tica de An\u00edbal Llano queda patente en cada estrofa de esta recopilaci\u00f3n po\u00e9tica.<\/i><\/b><\/p>\n<p><i>#aniballlano #mientrasamanece<\/i><\/p>\n<div class=\"_df_book df-lite\" id=\"df_21566\"  _slug=\"mientras-amanece\" data-title=\"mientras-amanece\" wpoptions=\"true\" thumbtype=\"\" ><\/div><script class=\"df-shortcode-script\" nowprocket type=\"application\/javascript\">window.option_df_21566 = {\"outline\":[],\"autoEnableOutline\":\"false\",\"autoEnableThumbnail\":\"false\",\"overwritePDFOutline\":\"false\",\"direction\":\"1\",\"pageSize\":\"0\",\"source\":\"https:\\\/\\\/mybookselling.store\\\/wp-content\\\/uploads\\\/2023\\\/02\\\/Mientras-amanece-Print.pdf\",\"wpOptions\":\"true\"}; if(window.DFLIP && window.DFLIP.parseBooks){window.DFLIP.parseBooks();}<\/script>\n<\/div>\n<\/div>\n<\/div>\n","protected":false},"excerpt":{"rendered":"<p>Mientras amanece recoge noventa y cinco cantos a la placentera vigilia de todo hombre que traspasa los l\u00edmites de la raz\u00f3n para anidar dentro de s\u00ed mismo. A golpe de verso, cada pieza l\u00edrica aborda la fantas\u00eda humana en contraposici\u00f3n a lo real, nuestros espejos internos, as\u00ed como qui\u00e9nes somos<span class=\"Apple-converted-space\">\u00a0 <\/span>y qui\u00e9nes creemos ser, para inducirnos a un estado de letargo donde todo el que accede no desea despertar.<span class=\"Apple-converted-space\">\u00a0<\/span><\/p>\n<p><b><i>La sensibilidad po\u00e9tica de An\u00edbal Llano queda patente en cada estrofa de esta recopilaci\u00f3n po\u00e9tica.<\/i><\/b><\/p>\n","protected":false},"featured_media":21547,"template":"","meta":[],"product_brand":[],"product_cat":[62],"product_tag":[28],"class_list":{"0":"post-21542","1":"product","2":"type-product","3":"status-publish","4":"has-post-thumbnail","6":"product_cat-poesia","7":"product_tag-award-winners","8":"sales-flash-overlay","9":"woocommerce-text-align-center","10":"woocommerce-image-align-center","11":"do-quantity-buttons","13":"first","14":"outofstock","15":"shipping-taxable","16":"purchasable","17":"product-type-variable"},"_links":{"self":[{"href":"https:\/\/mybookselling.velqorumholding.ee\/mbs2023\/wp-json\/wp\/v2\/product\/21542","targetHints":{"allow":["GET"]}}],"collection":[{"href":"https:\/\/mybookselling.velqorumholding.ee\/mbs2023\/wp-json\/wp\/v2\/product"}],"about":[{"href":"https:\/\/mybookselling.velqorumholding.ee\/mbs2023\/wp-json\/wp\/v2\/types\/product"}],"wp:featuredmedia":[{"embeddable":true,"href":"https:\/\/mybookselling.velqorumholding.ee\/mbs2023\/wp-json\/wp\/v2\/media\/21547"}],"wp:attachment":[{"href":"https:\/\/mybookselling.velqorumholding.ee\/mbs2023\/wp-json\/wp\/v2\/media?parent=21542"}],"wp:term":[{"taxonomy":"product_brand","embeddable":true,"href":"https:\/\/mybookselling.velqorumholding.ee\/mbs2023\/wp-json\/wp\/v2\/product_brand?post=21542"},{"taxonomy":"product_cat","embeddable":true,"href":"https:\/\/mybookselling.velqorumholding.ee\/mbs2023\/wp-json\/wp\/v2\/product_cat?post=21542"},{"taxonomy":"product_tag","embeddable":true,"href":"https:\/\/mybookselling.velqorumholding.ee\/mbs2023\/wp-json\/wp\/v2\/product_tag?post=21542"}],"curies":[{"name":"wp","href":"https:\/\/api.w.org\/{rel}","templated":true}]}}