{"id":21444,"date":"2023-01-24T15:08:32","date_gmt":"2023-01-24T15:08:32","guid":{"rendered":"https:\/\/mybookselling.store\/?post_type=product&amp;p=21444"},"modified":"2025-01-06T21:47:10","modified_gmt":"2025-01-06T21:47:10","slug":"perfecto-desconocido","status":"publish","type":"product","link":"https:\/\/mybookselling.velqorumholding.ee\/mbs2023\/title\/perfecto-desconocido\/","title":{"rendered":"Perfecto Desconocido"},"content":{"rendered":"<div class=\"page\" title=\"Page 1\">\n<div class=\"section\">\n<div class=\"layoutArea\">\n<div class=\"column\">\n<p>Cataleya, una adolescente nacida en una familia disfuncional convive con su padre, un conocido delincuente, junto a su hermana Sara, drogadicta y d\u00e9bil de salud, y su novio, Oliver, que adem\u00e1s de la adicci\u00f3n por los psicotr\u00f3picos, protagoniza actos delictivos con cada vez mayor frecuencia.<span class=\"Apple-converted-space\">\u00a0<\/span><\/p>\n<p><strong>Pero el destino le reserva un viaje a California, junto a su madre, a quien nunca ha conocido. La evanescente relaci\u00f3n entre las dos se ver\u00e1 afectada por el vecino de su madre; un hombre de la que se siente profundamente atra\u00edda, pero que esconde m\u00e1s que secretos.<\/strong><\/p>\n<p><i>#perfectodesconocido_novela<\/i><\/p>\n<\/div>\n<div class=\"_df_book df-lite\" id=\"df_21439\"  _slug=\"perfecto-desconocido\" data-title=\"perfecto-desconocido\" wpoptions=\"true\" thumbtype=\"\" ><\/div><script class=\"df-shortcode-script\" nowprocket type=\"application\/javascript\">window.option_df_21439 = {\"outline\":[],\"autoEnableOutline\":\"false\",\"autoEnableThumbnail\":\"false\",\"overwritePDFOutline\":\"false\",\"direction\":\"1\",\"pageSize\":\"0\",\"source\":\"https:\\\/\\\/mybookselling.store\\\/wp-content\\\/uploads\\\/2023\\\/01\\\/Perfecto-desconocido-Print.pdf\",\"wpOptions\":\"true\"}; if(window.DFLIP && window.DFLIP.parseBooks){window.DFLIP.parseBooks();}<\/script>\n<\/div>\n<\/div>\n<\/div>\n","protected":false},"excerpt":{"rendered":"<p>Cataleya, una adolescente nacida en una familia disfuncional convive con su padre, un conocido delincuente, junto a su hermana Sara, drogadicta y d\u00e9bil de salud, y su novio, Oliver, que adem\u00e1s de la adicci\u00f3n por los psicotr\u00f3picos, protagoniza actos delictivos con cada vez mayor frecuencia.<\/p>\n<p><strong>Pero el destino le reserva un viaje a California, junto a su madre, a quien nunca ha conocido. La evanescente relaci\u00f3n entre las dos se ver\u00e1 afectada por el vecino de su madre; un hombre de la que se siente profundamente atra\u00edda, pero que esconde m\u00e1s que secretos.<\/strong><\/p>\n","protected":false},"featured_media":21451,"template":"","meta":[],"product_brand":[],"product_cat":[80],"product_tag":[28],"class_list":{"0":"post-21444","1":"product","2":"type-product","3":"status-publish","4":"has-post-thumbnail","6":"product_cat-romanticismo","7":"product_tag-award-winners","8":"sales-flash-overlay","9":"woocommerce-text-align-center","10":"woocommerce-image-align-center","11":"do-quantity-buttons","13":"first","14":"outofstock","15":"shipping-taxable","16":"purchasable","17":"product-type-variable"},"_links":{"self":[{"href":"https:\/\/mybookselling.velqorumholding.ee\/mbs2023\/wp-json\/wp\/v2\/product\/21444","targetHints":{"allow":["GET"]}}],"collection":[{"href":"https:\/\/mybookselling.velqorumholding.ee\/mbs2023\/wp-json\/wp\/v2\/product"}],"about":[{"href":"https:\/\/mybookselling.velqorumholding.ee\/mbs2023\/wp-json\/wp\/v2\/types\/product"}],"wp:featuredmedia":[{"embeddable":true,"href":"https:\/\/mybookselling.velqorumholding.ee\/mbs2023\/wp-json\/wp\/v2\/media\/21451"}],"wp:attachment":[{"href":"https:\/\/mybookselling.velqorumholding.ee\/mbs2023\/wp-json\/wp\/v2\/media?parent=21444"}],"wp:term":[{"taxonomy":"product_brand","embeddable":true,"href":"https:\/\/mybookselling.velqorumholding.ee\/mbs2023\/wp-json\/wp\/v2\/product_brand?post=21444"},{"taxonomy":"product_cat","embeddable":true,"href":"https:\/\/mybookselling.velqorumholding.ee\/mbs2023\/wp-json\/wp\/v2\/product_cat?post=21444"},{"taxonomy":"product_tag","embeddable":true,"href":"https:\/\/mybookselling.velqorumholding.ee\/mbs2023\/wp-json\/wp\/v2\/product_tag?post=21444"}],"curies":[{"name":"wp","href":"https:\/\/api.w.org\/{rel}","templated":true}]}}