{"id":21276,"date":"2023-01-08T16:31:41","date_gmt":"2023-01-08T16:31:41","guid":{"rendered":"https:\/\/mybookselling.store\/?post_type=product&amp;p=21276"},"modified":"2025-01-06T21:47:10","modified_gmt":"2025-01-06T21:47:10","slug":"memorial-de-argonautas","status":"publish","type":"product","link":"https:\/\/mybookselling.velqorumholding.ee\/mbs2023\/title\/memorial-de-argonautas\/","title":{"rendered":"Memorial de argonautas"},"content":{"rendered":"<div class=\"page\" title=\"Page 1\">\n<div class=\"section\">\n<div class=\"layoutArea\">\n<div class=\"column\">\n<p>De la mano del poeta Miguel Fa\u00fandez, las p\u00e1ginas de este volumen invitan a viajar en el barco del mar de los sue\u00f1os, las esperanzas, anhelos que son expresi\u00f3n de todo aquello que somos. Cada estrofa se bambolea al golpe de un mar agitado, pero tambi\u00e9n calmo. Nos adentramos en un viaje sin retorno hacia nosotros mismos, nuestro reflejo en el espejo de nuestro consciente. Y es que si no cualquier marino llega a ser considerado heroicamente argonauta, Miguel Fa\u00fandez nos insin\u00faa, con su pluma, que a golpes del mar bravo de la vida, nos desarrollamos y conformamos.<\/p>\n<p><b><i>Una obra que es la opera prima del chileno Miguel Fa\u00fandez que demuestra una sensibilidad l\u00edrica con impronta propia.<\/i><\/b><\/p>\n<p><i>#miguelfaundez #memorial<\/i><\/p>\n<\/div>\n<div class=\"_df_book df-lite\" id=\"df_21282\"  _slug=\"memorial-de-argonautas\" data-title=\"memorial-de-argonautas\" wpoptions=\"true\" thumbtype=\"\" ><\/div><script class=\"df-shortcode-script\" nowprocket type=\"application\/javascript\">window.option_df_21282 = {\"outline\":[],\"autoEnableOutline\":\"false\",\"autoEnableThumbnail\":\"false\",\"overwritePDFOutline\":\"false\",\"direction\":\"1\",\"pageSize\":\"0\",\"source\":\"https:\\\/\\\/mybookselling.store\\\/wp-content\\\/uploads\\\/2023\\\/01\\\/Memorial-de-argonautas-Print.pdf\",\"wpOptions\":\"true\"}; if(window.DFLIP && window.DFLIP.parseBooks){window.DFLIP.parseBooks();}<\/script>\n<\/div>\n<\/div>\n<\/div>\n","protected":false},"excerpt":{"rendered":"<p>De la mano del poeta Miguel Fa\u00fandez, las p\u00e1ginas de este volumen invitan a viajar en el barco del mar de los sue\u00f1os, las esperanzas, anhelos que son expresi\u00f3n de todo aquello que somos. Cada estrofa se bambolea al golpe de un mar agitado, pero tambi\u00e9n calmo. Nos adentramos en un viaje sin retorno hacia nosotros mismos, nuestro reflejo en el espejo de nuestro consciente. Y es que si no cualquier marino llega a ser considerado heroicamente argonauta, Miguel Fa\u00fandez nos insin\u00faa, con su pluma, que a golpes del mar bravo de la vida, nos desarrollamos y conformamos.<\/p>\n<p><b><i>Una obra que es la opera prima del chileno Miguel Fa\u00fandez que demuestra una sensibilidad l\u00edrica con impronta propia.<\/i><\/b><\/p>\n","protected":false},"featured_media":21281,"template":"","meta":[],"product_brand":[],"product_cat":[62],"product_tag":[28],"class_list":{"0":"post-21276","1":"product","2":"type-product","3":"status-publish","4":"has-post-thumbnail","6":"product_cat-poesia","7":"product_tag-award-winners","8":"sales-flash-overlay","9":"woocommerce-text-align-center","10":"woocommerce-image-align-center","11":"do-quantity-buttons","13":"first","14":"outofstock","15":"shipping-taxable","16":"purchasable","17":"product-type-variable"},"_links":{"self":[{"href":"https:\/\/mybookselling.velqorumholding.ee\/mbs2023\/wp-json\/wp\/v2\/product\/21276","targetHints":{"allow":["GET"]}}],"collection":[{"href":"https:\/\/mybookselling.velqorumholding.ee\/mbs2023\/wp-json\/wp\/v2\/product"}],"about":[{"href":"https:\/\/mybookselling.velqorumholding.ee\/mbs2023\/wp-json\/wp\/v2\/types\/product"}],"wp:featuredmedia":[{"embeddable":true,"href":"https:\/\/mybookselling.velqorumholding.ee\/mbs2023\/wp-json\/wp\/v2\/media\/21281"}],"wp:attachment":[{"href":"https:\/\/mybookselling.velqorumholding.ee\/mbs2023\/wp-json\/wp\/v2\/media?parent=21276"}],"wp:term":[{"taxonomy":"product_brand","embeddable":true,"href":"https:\/\/mybookselling.velqorumholding.ee\/mbs2023\/wp-json\/wp\/v2\/product_brand?post=21276"},{"taxonomy":"product_cat","embeddable":true,"href":"https:\/\/mybookselling.velqorumholding.ee\/mbs2023\/wp-json\/wp\/v2\/product_cat?post=21276"},{"taxonomy":"product_tag","embeddable":true,"href":"https:\/\/mybookselling.velqorumholding.ee\/mbs2023\/wp-json\/wp\/v2\/product_tag?post=21276"}],"curies":[{"name":"wp","href":"https:\/\/api.w.org\/{rel}","templated":true}]}}