{"id":1453,"date":"2020-04-30T11:12:41","date_gmt":"2020-04-30T11:12:41","guid":{"rendered":"https:\/\/milibropublicado.online\/?page_id=1453"},"modified":"2020-04-30T11:12:41","modified_gmt":"2020-04-30T11:12:41","slug":"contacto","status":"publish","type":"page","link":"https:\/\/mybookselling.velqorumholding.ee\/mbs2023\/contacto\/","title":{"rendered":"Contacta con nosotros"},"content":{"rendered":"<p><iframe\n\t\t\t\t\t\tsrc=\"https:\/\/maps.google.com\/maps?t=m&#038;output=embed&#038;iwloc=near&#038;z=11&#038;q=Espeja%2C+Salamanca%2C+Spain\"\n\t\t\t\t\t\taria-label=\"\"><\/iframe><\/p>\n<style type=\"text\/css\">.trx_addons_inline_1289457391{width:100%;height:700px;}<\/style>\n<h1\n\t\t\t>Cont\u00e1ctanos<\/h1>\n<p>\t\t\tMybookselling.online\u00c1guila, Espeja. 37497 ESPA\u00d1A<a href=\"tel:34635146124\"><br \/>\n                            +34 923 040 090<br \/>\n                            <\/a><a href=\"tel:34635146124\"\n                           ><br \/>\n                            <\/a><a href=\"mailto:info@mybookselling.online\">info@mybookselling.online<\/a><!-- \/.sc_icons --><br \/>\n\t\t\t<a target=\"_blank\" href=\"https:\/\/www.facebook.com\/milibropublicado.online\/mybookselling.online\" rel=\"noopener\"><\/a><a target=\"_blank\" href=\"https:\/\/twitter.com\/mybookselling\" rel=\"noopener\"><\/a><a target=\"_blank\" href=\"https:\/\/www.instagram.com\/mybookselling.online\/\" rel=\"noopener\"><\/a><a target=\"_blank\" href=\"https:\/\/t.me\/mybooksellingonline\" rel=\"noopener\"><\/a>\t\t<\/p>\n<p role=\"status\" aria-live=\"polite\" aria-atomic=\"true\">\n<ul><\/ul>\n<form action=\"\/wp-admin\/admin-ajax.php#wpcf7-f1326-o3\" method=\"post\" novalidate=\"novalidate\" data-status=\"init\">\n<input type=\"hidden\" name=\"_wpcf7\" value=\"1326\" \/><br \/>\n<input type=\"hidden\" name=\"_wpcf7_version\" value=\"5.6.4\" \/><br \/>\n<input type=\"hidden\" name=\"_wpcf7_locale\" value=\"en_US\" \/><br \/>\n<input type=\"hidden\" name=\"_wpcf7_unit_tag\" value=\"wpcf7-f1326-o3\" \/><br \/>\n<input type=\"hidden\" name=\"_wpcf7_container_post\" value=\"0\" \/><br \/>\n<input type=\"hidden\" name=\"_wpcf7_posted_data_hash\" value=\"\" \/><br \/>\n<input type=\"text\" name=\"your-name\" value=\"\" size=\"40\" aria-required=\"true\" aria-invalid=\"false\" placeholder=\"Nombre\" \/><br \/>\n<input type=\"email\" name=\"your-email\" value=\"\" size=\"40\" aria-required=\"true\" aria-invalid=\"false\" placeholder=\"Correo electr\u00f3nico\" \/><br \/>\n<input type=\"tel\" name=\"phone\" value=\"\" size=\"40\" aria-required=\"true\" aria-invalid=\"false\" placeholder=\"Tel\u00e9fono\" \/><br \/>\n<input type=\"text\" name=\"subject\" value=\"\" size=\"40\" aria-required=\"true\" aria-invalid=\"false\" placeholder=\"Asunto\" \/><br \/>\n<textarea name=\"your-message\" cols=\"40\" rows=\"10\" aria-required=\"true\" aria-invalid=\"false\" placeholder=\"Escr\u00edbenos aqu\u00ed tus dudas o comentarios.\"><\/textarea><\/p>\n<p><label><input type=\"checkbox\" name=\"acceptance\" value=\"1\" aria-invalid=\"false\" \/>I agree that my submitted data is being <a href=\"\/privacy-policy\/\">collected and stored<\/a>.<\/label><input type=\"submit\" value=\"send message\" \/><br \/>\n<\/form>\n","protected":false},"excerpt":{"rendered":"<p>Cont\u00e1ctanos Mybookselling.online\u00c1guila, Espeja. 37497 ESPA\u00d1A +34 923 040 090 info@mybookselling.online I agree that my submitted data is being collected and stored.<\/p>\n","protected":false},"author":1,"featured_media":0,"parent":0,"menu_order":0,"comment_status":"closed","ping_status":"closed","template":"","meta":{"footnotes":""},"class_list":["post-1453","page","type-page","status-publish"],"_links":{"self":[{"href":"https:\/\/mybookselling.velqorumholding.ee\/mbs2023\/wp-json\/wp\/v2\/pages\/1453","targetHints":{"allow":["GET"]}}],"collection":[{"href":"https:\/\/mybookselling.velqorumholding.ee\/mbs2023\/wp-json\/wp\/v2\/pages"}],"about":[{"href":"https:\/\/mybookselling.velqorumholding.ee\/mbs2023\/wp-json\/wp\/v2\/types\/page"}],"author":[{"embeddable":true,"href":"https:\/\/mybookselling.velqorumholding.ee\/mbs2023\/wp-json\/wp\/v2\/users\/1"}],"replies":[{"embeddable":true,"href":"https:\/\/mybookselling.velqorumholding.ee\/mbs2023\/wp-json\/wp\/v2\/comments?post=1453"}],"version-history":[{"count":0,"href":"https:\/\/mybookselling.velqorumholding.ee\/mbs2023\/wp-json\/wp\/v2\/pages\/1453\/revisions"}],"wp:attachment":[{"href":"https:\/\/mybookselling.velqorumholding.ee\/mbs2023\/wp-json\/wp\/v2\/media?parent=1453"}],"curies":[{"name":"wp","href":"https:\/\/api.w.org\/{rel}","templated":true}]}}